{"id":16023,"date":"2021-12-10T10:18:02","date_gmt":"2021-12-10T13:18:02","guid":{"rendered":"https:\/\/www.cachacabocaina.com.br\/bocaina\/?page_id=16023"},"modified":"2021-12-11T10:29:24","modified_gmt":"2021-12-11T13:29:24","slug":"cachaca-bocaina-120ml-jequitiba","status":"publish","type":"page","link":"https:\/\/www.cachacabocaina.com.br\/bocaina\/produtos\/cachaca-bocaina-120ml-jequitiba\/","title":{"rendered":"Cacha\u00e7a Bocaina 120ml Jequitib\u00e1"},"content":{"rendered":"\t\t<div data-elementor-type=\"wp-page\" data-elementor-id=\"16023\" class=\"elementor elementor-16023\">\n\t\t\t\t\t\t<section class=\"elementor-section elementor-top-section elementor-element elementor-element-5815876 elementor-section-boxed elementor-section-height-default elementor-section-height-default parallax_section_no qode_elementor_container_no\" data-id=\"5815876\" data-element_type=\"section\" data-settings=\"{&quot;background_background&quot;:&quot;classic&quot;}\">\n\t\t\t\t\t\t<div class=\"elementor-container elementor-column-gap-default\">\n\t\t\t\t\t<div class=\"elementor-column elementor-col-100 elementor-top-column elementor-element elementor-element-04ea60e\" data-id=\"04ea60e\" data-element_type=\"column\" data-settings=\"{&quot;background_background&quot;:&quot;classic&quot;}\">\n\t\t\t<div class=\"elementor-widget-wrap elementor-element-populated\">\n\t\t\t\t\t\t<div class=\"elementor-element elementor-element-63f8ed1 elementor-hidden-mobile elementor-widget elementor-widget-breadcrumbs\" data-id=\"63f8ed1\" data-element_type=\"widget\" data-widget_type=\"breadcrumbs.default\">\n\t\t\t\t<div class=\"elementor-widget-container\">\n\t\t\t<p id=\"breadcrumbs\"><span><span><a href=\"https:\/\/www.cachacabocaina.com.br\/bocaina\/\">In\u00edcio<\/a><\/span><\/span><\/p>\t\t<\/div>\n\t\t\t\t<\/div>\n\t\t\t\t<div class=\"elementor-element elementor-element-9f4f476 elementor-hidden-mobile elementor-widget-divider--view-line elementor-widget elementor-widget-divider\" data-id=\"9f4f476\" data-element_type=\"widget\" data-widget_type=\"divider.default\">\n\t\t\t\t<div class=\"elementor-widget-container\">\n\t\t\t<style>\/*! elementor - v3.23.0 - 05-08-2024 *\/\n.elementor-widget-divider{--divider-border-style:none;--divider-border-width:1px;--divider-color:#0c0d0e;--divider-icon-size:20px;--divider-element-spacing:10px;--divider-pattern-height:24px;--divider-pattern-size:20px;--divider-pattern-url:none;--divider-pattern-repeat:repeat-x}.elementor-widget-divider .elementor-divider{display:flex}.elementor-widget-divider .elementor-divider__text{font-size:15px;line-height:1;max-width:95%}.elementor-widget-divider .elementor-divider__element{margin:0 var(--divider-element-spacing);flex-shrink:0}.elementor-widget-divider .elementor-icon{font-size:var(--divider-icon-size)}.elementor-widget-divider .elementor-divider-separator{display:flex;margin:0;direction:ltr}.elementor-widget-divider--view-line_icon .elementor-divider-separator,.elementor-widget-divider--view-line_text .elementor-divider-separator{align-items:center}.elementor-widget-divider--view-line_icon .elementor-divider-separator:after,.elementor-widget-divider--view-line_icon .elementor-divider-separator:before,.elementor-widget-divider--view-line_text .elementor-divider-separator:after,.elementor-widget-divider--view-line_text .elementor-divider-separator:before{display:block;content:\"\";border-block-end:0;flex-grow:1;border-block-start:var(--divider-border-width) var(--divider-border-style) var(--divider-color)}.elementor-widget-divider--element-align-left .elementor-divider .elementor-divider-separator>.elementor-divider__svg:first-of-type{flex-grow:0;flex-shrink:100}.elementor-widget-divider--element-align-left .elementor-divider-separator:before{content:none}.elementor-widget-divider--element-align-left .elementor-divider__element{margin-left:0}.elementor-widget-divider--element-align-right .elementor-divider .elementor-divider-separator>.elementor-divider__svg:last-of-type{flex-grow:0;flex-shrink:100}.elementor-widget-divider--element-align-right .elementor-divider-separator:after{content:none}.elementor-widget-divider--element-align-right .elementor-divider__element{margin-right:0}.elementor-widget-divider--element-align-start .elementor-divider .elementor-divider-separator>.elementor-divider__svg:first-of-type{flex-grow:0;flex-shrink:100}.elementor-widget-divider--element-align-start .elementor-divider-separator:before{content:none}.elementor-widget-divider--element-align-start .elementor-divider__element{margin-inline-start:0}.elementor-widget-divider--element-align-end .elementor-divider .elementor-divider-separator>.elementor-divider__svg:last-of-type{flex-grow:0;flex-shrink:100}.elementor-widget-divider--element-align-end .elementor-divider-separator:after{content:none}.elementor-widget-divider--element-align-end .elementor-divider__element{margin-inline-end:0}.elementor-widget-divider:not(.elementor-widget-divider--view-line_text):not(.elementor-widget-divider--view-line_icon) .elementor-divider-separator{border-block-start:var(--divider-border-width) var(--divider-border-style) var(--divider-color)}.elementor-widget-divider--separator-type-pattern{--divider-border-style:none}.elementor-widget-divider--separator-type-pattern.elementor-widget-divider--view-line .elementor-divider-separator,.elementor-widget-divider--separator-type-pattern:not(.elementor-widget-divider--view-line) .elementor-divider-separator:after,.elementor-widget-divider--separator-type-pattern:not(.elementor-widget-divider--view-line) .elementor-divider-separator:before,.elementor-widget-divider--separator-type-pattern:not([class*=elementor-widget-divider--view]) .elementor-divider-separator{width:100%;min-height:var(--divider-pattern-height);-webkit-mask-size:var(--divider-pattern-size) 100%;mask-size:var(--divider-pattern-size) 100%;-webkit-mask-repeat:var(--divider-pattern-repeat);mask-repeat:var(--divider-pattern-repeat);background-color:var(--divider-color);-webkit-mask-image:var(--divider-pattern-url);mask-image:var(--divider-pattern-url)}.elementor-widget-divider--no-spacing{--divider-pattern-size:auto}.elementor-widget-divider--bg-round{--divider-pattern-repeat:round}.rtl .elementor-widget-divider .elementor-divider__text{direction:rtl}.e-con-inner>.elementor-widget-divider,.e-con>.elementor-widget-divider{width:var(--container-widget-width,100%);--flex-grow:var(--container-widget-flex-grow)}<\/style>\t\t<div class=\"elementor-divider\">\n\t\t\t<span class=\"elementor-divider-separator\">\n\t\t\t\t\t\t<\/span>\n\t\t<\/div>\n\t\t\t\t<\/div>\n\t\t\t\t<\/div>\n\t\t\t\t<section class=\"elementor-section elementor-inner-section elementor-element elementor-element-a53deaa elementor-section-boxed elementor-section-height-default elementor-section-height-default parallax_section_no qode_elementor_container_no\" data-id=\"a53deaa\" data-element_type=\"section\">\n\t\t\t\t\t\t<div class=\"elementor-container elementor-column-gap-default\">\n\t\t\t\t\t<div class=\"elementor-column elementor-col-50 elementor-inner-column elementor-element elementor-element-26fd880\" data-id=\"26fd880\" data-element_type=\"column\">\n\t\t\t<div class=\"elementor-widget-wrap elementor-element-populated\">\n\t\t\t\t\t\t<div class=\"elementor-element elementor-element-529efef elementor-widget elementor-widget-image\" data-id=\"529efef\" data-element_type=\"widget\" data-widget_type=\"image.default\">\n\t\t\t\t<div class=\"elementor-widget-container\">\n\t\t\t<style>\/*! elementor - v3.23.0 - 05-08-2024 *\/\n.elementor-widget-image{text-align:center}.elementor-widget-image a{display:inline-block}.elementor-widget-image a img[src$=\".svg\"]{width:48px}.elementor-widget-image img{vertical-align:middle;display:inline-block}<\/style>\t\t\t\t\t\t\t\t\t\t<img fetchpriority=\"high\" width=\"400\" height=\"335\" src=\"https:\/\/www.cachacabocaina.com.br\/bocaina\/wp-content\/uploads\/2021\/12\/Cachaca-Bocaina-Jequitiba-120ml-ceramica.png\" class=\"attachment-large size-large wp-image-16156\" alt=\"\" srcset=\"https:\/\/www.cachacabocaina.com.br\/bocaina\/wp-content\/uploads\/2021\/12\/Cachaca-Bocaina-Jequitiba-120ml-ceramica.png 400w, https:\/\/www.cachacabocaina.com.br\/bocaina\/wp-content\/uploads\/2021\/12\/Cachaca-Bocaina-Jequitiba-120ml-ceramica-300x251.png 300w\" sizes=\"(max-width: 400px) 100vw, 400px\" \/>\t\t\t\t\t\t\t\t\t\t\t\t\t<\/div>\n\t\t\t\t<\/div>\n\t\t\t\t\t<\/div>\n\t\t<\/div>\n\t\t\t\t<div class=\"elementor-column elementor-col-50 elementor-inner-column elementor-element elementor-element-0bac971\" data-id=\"0bac971\" data-element_type=\"column\">\n\t\t\t<div class=\"elementor-widget-wrap elementor-element-populated\">\n\t\t\t\t\t\t<div class=\"elementor-element elementor-element-0b4a34e elementor-widget elementor-widget-heading\" data-id=\"0b4a34e\" data-element_type=\"widget\" data-widget_type=\"heading.default\">\n\t\t\t\t<div class=\"elementor-widget-container\">\n\t\t\t<style>\/*! elementor - v3.23.0 - 05-08-2024 *\/\n.elementor-heading-title{padding:0;margin:0;line-height:1}.elementor-widget-heading .elementor-heading-title[class*=elementor-size-]>a{color:inherit;font-size:inherit;line-height:inherit}.elementor-widget-heading .elementor-heading-title.elementor-size-small{font-size:15px}.elementor-widget-heading .elementor-heading-title.elementor-size-medium{font-size:19px}.elementor-widget-heading .elementor-heading-title.elementor-size-large{font-size:29px}.elementor-widget-heading .elementor-heading-title.elementor-size-xl{font-size:39px}.elementor-widget-heading .elementor-heading-title.elementor-size-xxl{font-size:59px}<\/style><h2 class=\"elementor-heading-title elementor-size-default\">Cacha\u00e7a Bocaina 120ml Jequitib\u00e1<\/h2>\t\t<\/div>\n\t\t\t\t<\/div>\n\t\t\t\t<div class=\"elementor-element elementor-element-73b8663 elementor-widget elementor-widget-text-editor\" data-id=\"73b8663\" data-element_type=\"widget\" data-widget_type=\"text-editor.default\">\n\t\t\t\t<div class=\"elementor-widget-container\">\n\t\t\t<style>\/*! elementor - v3.23.0 - 05-08-2024 *\/\n.elementor-widget-text-editor.elementor-drop-cap-view-stacked .elementor-drop-cap{background-color:#69727d;color:#fff}.elementor-widget-text-editor.elementor-drop-cap-view-framed .elementor-drop-cap{color:#69727d;border:3px solid;background-color:transparent}.elementor-widget-text-editor:not(.elementor-drop-cap-view-default) .elementor-drop-cap{margin-top:8px}.elementor-widget-text-editor:not(.elementor-drop-cap-view-default) .elementor-drop-cap-letter{width:1em;height:1em}.elementor-widget-text-editor .elementor-drop-cap{float:left;text-align:center;line-height:1;font-size:50px}.elementor-widget-text-editor .elementor-drop-cap-letter{display:inline-block}<\/style>\t\t\t\t<p><span data-sheets-value=\"{&quot;1&quot;:2,&quot;2&quot;:&quot;Armazenada por 24 meses em dornas de Jequitib\u00e1,  apresenta o aroma adocicado da cana, notas de frutas maduras, traz a refrescancia da neutralidade da madeira, al\u00e9m do sabor umami que preenche a boca, causando uma sensa\u00e7\u00e3o de \\&quot;quero mais\\&quot;. Indicada para degustar pura e para compor drinks e principalmente caipirinhas. Colora\u00e7\u00e3o: levemente amarelada, quase impercept\u00edvel.\\n &quot;}\" data-sheets-userformat=\"{&quot;2&quot;:33565121,&quot;3&quot;:{&quot;1&quot;:0,&quot;3&quot;:1},&quot;9&quot;:0,&quot;10&quot;:1,&quot;11&quot;:4,&quot;14&quot;:{&quot;1&quot;:3,&quot;3&quot;:1},&quot;16&quot;:11,&quot;28&quot;:1}\">Armazenada por 24 meses em dornas de Jequitib\u00e1, apresenta o aroma adocicado da cana, notas de frutas maduras, traz a refrescancia da neutralidade da madeira, al\u00e9m do sabor umami que preenche a boca, causando uma sensa\u00e7\u00e3o de &#8220;quero mais&#8221;. Indicada para degustar pura e para compor drinks e principalmente caipirinhas.<br \/><\/span><\/p><p><b>Colora\u00e7\u00e3o:<\/b> <span data-sheets-value=\"{&quot;1&quot;:2,&quot;2&quot;:&quot;Armazenada por 24 meses em dornas de Jequitib\u00e1,  apresenta o aroma adocicado da cana, notas de frutas maduras, traz a refrescancia da neutralidade da madeira, al\u00e9m do sabor umami que preenche a boca, causando uma sensa\u00e7\u00e3o de \\&quot;quero mais\\&quot;. Indicada para degustar pura e para compor drinks e principalmente caipirinhas. Colora\u00e7\u00e3o: levemente amarelada, quase impercept\u00edvel.\\n &quot;}\" data-sheets-userformat=\"{&quot;2&quot;:33565121,&quot;3&quot;:{&quot;1&quot;:0,&quot;3&quot;:1},&quot;9&quot;:0,&quot;10&quot;:1,&quot;11&quot;:4,&quot;14&quot;:{&quot;1&quot;:3,&quot;3&quot;:1},&quot;16&quot;:11,&quot;28&quot;:1}\">levemente amarelada, quase impercept\u00edvel.<\/span><\/p><p><b>Grad. Alc.:<\/b> 42% vol.<\/p>\t\t\t\t\t\t<\/div>\n\t\t\t\t<\/div>\n\t\t\t\t<div class=\"elementor-element elementor-element-8f5021b elementor-widget-divider--view-line elementor-widget elementor-widget-divider\" data-id=\"8f5021b\" data-element_type=\"widget\" data-widget_type=\"divider.default\">\n\t\t\t\t<div class=\"elementor-widget-container\">\n\t\t\t\t\t<div class=\"elementor-divider\">\n\t\t\t<span class=\"elementor-divider-separator\">\n\t\t\t\t\t\t<\/span>\n\t\t<\/div>\n\t\t\t\t<\/div>\n\t\t\t\t<\/div>\n\t\t\t\t<div class=\"elementor-element elementor-element-af0949a elementor-mobile-align-center elementor-widget elementor-widget-button\" data-id=\"af0949a\" data-element_type=\"widget\" data-widget_type=\"button.default\">\n\t\t\t\t<div class=\"elementor-widget-container\">\n\t\t\t\t\t<div class=\"elementor-button-wrapper\">\n\t\t\t<a class=\"elementor-button elementor-button-link elementor-size-md\" href=\"https:\/\/api.whatsapp.com\/send?phone=5535991199429&#038;text=Ol\u00e1!%20Gostaria%20de%20fazer%20pedido%20da%20*Cacha\u00e7a%20Bocaina%20120ml%20Jequitib\u00e1*.%20Pode%20me%20ajudar?\">\n\t\t\t\t\t\t<span class=\"elementor-button-content-wrapper\">\n\t\t\t\t\t\t<span class=\"elementor-button-icon\">\n\t\t\t\t<i aria-hidden=\"true\" class=\"fab fa-whatsapp\"><\/i>\t\t\t<\/span>\n\t\t\t\t\t\t\t\t\t<span class=\"elementor-button-text\">FAZER PEDIDO<\/span>\n\t\t\t\t\t<\/span>\n\t\t\t\t\t<\/a>\n\t\t<\/div>\n\t\t\t\t<\/div>\n\t\t\t\t<\/div>\n\t\t\t\t\t<\/div>\n\t\t<\/div>\n\t\t\t\t\t<\/div>\n\t\t<\/section>\n\t\t\t\t\t<\/div>\n\t\t<\/div>\n\t\t\t\t\t<\/div>\n\t\t<\/section>\n\t\t\t\t<\/div>\n\t\t","protected":false},"excerpt":{"rendered":"<p>Cacha\u00e7a Bocaina 120ml Jequitib\u00e1 Armazenada por 24 meses em dornas de Jequitib\u00e1, apresenta o aroma adocicado da cana, notas de frutas maduras, traz a refrescancia da neutralidade da madeira, al\u00e9m do sabor umami que preenche a boca, causando uma sensa\u00e7\u00e3o de &#8220;quero mais&#8221;. Indicada para&#8230;<\/p>\n","protected":false},"author":1,"featured_media":0,"parent":15870,"menu_order":0,"comment_status":"closed","ping_status":"closed","template":"full_width.php","meta":[],"yoast_head":"<!-- This site is optimized with the Yoast SEO plugin v20.6 - https:\/\/yoast.com\/wordpress\/plugins\/seo\/ -->\n<title>Cacha\u00e7a Bocaina 120ml Jequitib\u00e1 &mdash; Cacha\u00e7a Bocaina<\/title>\n<meta name=\"robots\" content=\"index, follow, max-snippet:-1, max-image-preview:large, max-video-preview:-1\" \/>\n<link rel=\"canonical\" href=\"https:\/\/www.cachacabocaina.com.br\/bocaina\/produtos\/cachaca-bocaina-120ml-jequitiba\/\" \/>\n<meta property=\"og:locale\" content=\"pt_BR\" \/>\n<meta property=\"og:type\" content=\"article\" \/>\n<meta property=\"og:title\" content=\"Cacha\u00e7a Bocaina 120ml Jequitib\u00e1 &mdash; Cacha\u00e7a Bocaina\" \/>\n<meta property=\"og:description\" content=\"Cacha\u00e7a Bocaina 120ml Jequitib\u00e1 Armazenada por 24 meses em dornas de Jequitib\u00e1, apresenta o aroma adocicado da cana, notas de frutas maduras, traz a refrescancia da neutralidade da madeira, al\u00e9m do sabor umami que preenche a boca, causando uma sensa\u00e7\u00e3o de &#8220;quero mais&#8221;. Indicada para...\" \/>\n<meta property=\"og:url\" content=\"https:\/\/www.cachacabocaina.com.br\/bocaina\/produtos\/cachaca-bocaina-120ml-jequitiba\/\" \/>\n<meta property=\"og:site_name\" content=\"Cacha\u00e7a Bocaina\" \/>\n<meta property=\"article:publisher\" content=\"https:\/\/www.facebook.com\/cachacabocainaoficial\" \/>\n<meta property=\"article:modified_time\" content=\"2021-12-11T13:29:24+00:00\" \/>\n<meta property=\"og:image\" content=\"https:\/\/www.cachacabocaina.com.br\/bocaina\/wp-content\/uploads\/2021\/12\/Cachaca-Bocaina-Jequitiba-120ml-ceramica.png\" \/>\n<meta name=\"twitter:card\" content=\"summary_large_image\" \/>\n<meta name=\"twitter:label1\" content=\"Est. tempo de leitura\" \/>\n\t<meta name=\"twitter:data1\" content=\"1 minuto\" \/>\n<script type=\"application\/ld+json\" class=\"yoast-schema-graph\">{\"@context\":\"https:\/\/schema.org\",\"@graph\":[{\"@type\":\"WebPage\",\"@id\":\"https:\/\/www.cachacabocaina.com.br\/bocaina\/produtos\/cachaca-bocaina-120ml-jequitiba\/\",\"url\":\"https:\/\/www.cachacabocaina.com.br\/bocaina\/produtos\/cachaca-bocaina-120ml-jequitiba\/\",\"name\":\"Cacha\u00e7a Bocaina 120ml Jequitib\u00e1 &mdash; Cacha\u00e7a Bocaina\",\"isPartOf\":{\"@id\":\"https:\/\/www.cachacabocaina.com.br\/bocaina\/#website\"},\"datePublished\":\"2021-12-10T13:18:02+00:00\",\"dateModified\":\"2021-12-11T13:29:24+00:00\",\"breadcrumb\":{\"@id\":\"https:\/\/www.cachacabocaina.com.br\/bocaina\/produtos\/cachaca-bocaina-120ml-jequitiba\/#breadcrumb\"},\"inLanguage\":\"pt-BR\",\"potentialAction\":[{\"@type\":\"ReadAction\",\"target\":[\"https:\/\/www.cachacabocaina.com.br\/bocaina\/produtos\/cachaca-bocaina-120ml-jequitiba\/\"]}]},{\"@type\":\"BreadcrumbList\",\"@id\":\"https:\/\/www.cachacabocaina.com.br\/bocaina\/produtos\/cachaca-bocaina-120ml-jequitiba\/#breadcrumb\",\"itemListElement\":[{\"@type\":\"ListItem\",\"position\":1,\"name\":\"In\u00edcio\",\"item\":\"https:\/\/www.cachacabocaina.com.br\/bocaina\/\"},{\"@type\":\"ListItem\",\"position\":2,\"name\":\"Produtos\",\"item\":\"https:\/\/www.cachacabocaina.com.br\/bocaina\/produtos\/\"},{\"@type\":\"ListItem\",\"position\":3,\"name\":\"Cacha\u00e7a Bocaina 120ml Jequitib\u00e1\"}]},{\"@type\":\"WebSite\",\"@id\":\"https:\/\/www.cachacabocaina.com.br\/bocaina\/#website\",\"url\":\"https:\/\/www.cachacabocaina.com.br\/bocaina\/\",\"name\":\"Cacha\u00e7a Bocaina\",\"description\":\"Cacha\u00e7a Artesanal do Sul de Minas\",\"publisher\":{\"@id\":\"https:\/\/www.cachacabocaina.com.br\/bocaina\/#organization\"},\"potentialAction\":[{\"@type\":\"SearchAction\",\"target\":{\"@type\":\"EntryPoint\",\"urlTemplate\":\"https:\/\/www.cachacabocaina.com.br\/bocaina\/?s={search_term_string}\"},\"query-input\":\"required name=search_term_string\"}],\"inLanguage\":\"pt-BR\"},{\"@type\":\"Organization\",\"@id\":\"https:\/\/www.cachacabocaina.com.br\/bocaina\/#organization\",\"name\":\"Cacha\u00e7a Bocaina\",\"url\":\"https:\/\/www.cachacabocaina.com.br\/bocaina\/\",\"logo\":{\"@type\":\"ImageObject\",\"inLanguage\":\"pt-BR\",\"@id\":\"https:\/\/www.cachacabocaina.com.br\/bocaina\/#\/schema\/logo\/image\/\",\"url\":\"https:\/\/www.cachacabocaina.com.br\/bocaina\/wp-content\/uploads\/2019\/07\/og-image.jpg\",\"contentUrl\":\"https:\/\/www.cachacabocaina.com.br\/bocaina\/wp-content\/uploads\/2019\/07\/og-image.jpg\",\"width\":1200,\"height\":628,\"caption\":\"Cacha\u00e7a Bocaina\"},\"image\":{\"@id\":\"https:\/\/www.cachacabocaina.com.br\/bocaina\/#\/schema\/logo\/image\/\"},\"sameAs\":[\"https:\/\/www.facebook.com\/cachacabocainaoficial\",\"http:\/\/instagram.com\/cachacabocainaoficial\"]}]}<\/script>\n<!-- \/ Yoast SEO plugin. -->","yoast_head_json":{"title":"Cacha\u00e7a Bocaina 120ml Jequitib\u00e1 &mdash; Cacha\u00e7a Bocaina","robots":{"index":"index","follow":"follow","max-snippet":"max-snippet:-1","max-image-preview":"max-image-preview:large","max-video-preview":"max-video-preview:-1"},"canonical":"https:\/\/www.cachacabocaina.com.br\/bocaina\/produtos\/cachaca-bocaina-120ml-jequitiba\/","og_locale":"pt_BR","og_type":"article","og_title":"Cacha\u00e7a Bocaina 120ml Jequitib\u00e1 &mdash; Cacha\u00e7a Bocaina","og_description":"Cacha\u00e7a Bocaina 120ml Jequitib\u00e1 Armazenada por 24 meses em dornas de Jequitib\u00e1, apresenta o aroma adocicado da cana, notas de frutas maduras, traz a refrescancia da neutralidade da madeira, al\u00e9m do sabor umami que preenche a boca, causando uma sensa\u00e7\u00e3o de &#8220;quero mais&#8221;. Indicada para...","og_url":"https:\/\/www.cachacabocaina.com.br\/bocaina\/produtos\/cachaca-bocaina-120ml-jequitiba\/","og_site_name":"Cacha\u00e7a Bocaina","article_publisher":"https:\/\/www.facebook.com\/cachacabocainaoficial","article_modified_time":"2021-12-11T13:29:24+00:00","og_image":[{"url":"https:\/\/www.cachacabocaina.com.br\/bocaina\/wp-content\/uploads\/2021\/12\/Cachaca-Bocaina-Jequitiba-120ml-ceramica.png"}],"twitter_card":"summary_large_image","twitter_misc":{"Est. tempo de leitura":"1 minuto"},"schema":{"@context":"https:\/\/schema.org","@graph":[{"@type":"WebPage","@id":"https:\/\/www.cachacabocaina.com.br\/bocaina\/produtos\/cachaca-bocaina-120ml-jequitiba\/","url":"https:\/\/www.cachacabocaina.com.br\/bocaina\/produtos\/cachaca-bocaina-120ml-jequitiba\/","name":"Cacha\u00e7a Bocaina 120ml Jequitib\u00e1 &mdash; Cacha\u00e7a Bocaina","isPartOf":{"@id":"https:\/\/www.cachacabocaina.com.br\/bocaina\/#website"},"datePublished":"2021-12-10T13:18:02+00:00","dateModified":"2021-12-11T13:29:24+00:00","breadcrumb":{"@id":"https:\/\/www.cachacabocaina.com.br\/bocaina\/produtos\/cachaca-bocaina-120ml-jequitiba\/#breadcrumb"},"inLanguage":"pt-BR","potentialAction":[{"@type":"ReadAction","target":["https:\/\/www.cachacabocaina.com.br\/bocaina\/produtos\/cachaca-bocaina-120ml-jequitiba\/"]}]},{"@type":"BreadcrumbList","@id":"https:\/\/www.cachacabocaina.com.br\/bocaina\/produtos\/cachaca-bocaina-120ml-jequitiba\/#breadcrumb","itemListElement":[{"@type":"ListItem","position":1,"name":"In\u00edcio","item":"https:\/\/www.cachacabocaina.com.br\/bocaina\/"},{"@type":"ListItem","position":2,"name":"Produtos","item":"https:\/\/www.cachacabocaina.com.br\/bocaina\/produtos\/"},{"@type":"ListItem","position":3,"name":"Cacha\u00e7a Bocaina 120ml Jequitib\u00e1"}]},{"@type":"WebSite","@id":"https:\/\/www.cachacabocaina.com.br\/bocaina\/#website","url":"https:\/\/www.cachacabocaina.com.br\/bocaina\/","name":"Cacha\u00e7a Bocaina","description":"Cacha\u00e7a Artesanal do Sul de Minas","publisher":{"@id":"https:\/\/www.cachacabocaina.com.br\/bocaina\/#organization"},"potentialAction":[{"@type":"SearchAction","target":{"@type":"EntryPoint","urlTemplate":"https:\/\/www.cachacabocaina.com.br\/bocaina\/?s={search_term_string}"},"query-input":"required name=search_term_string"}],"inLanguage":"pt-BR"},{"@type":"Organization","@id":"https:\/\/www.cachacabocaina.com.br\/bocaina\/#organization","name":"Cacha\u00e7a Bocaina","url":"https:\/\/www.cachacabocaina.com.br\/bocaina\/","logo":{"@type":"ImageObject","inLanguage":"pt-BR","@id":"https:\/\/www.cachacabocaina.com.br\/bocaina\/#\/schema\/logo\/image\/","url":"https:\/\/www.cachacabocaina.com.br\/bocaina\/wp-content\/uploads\/2019\/07\/og-image.jpg","contentUrl":"https:\/\/www.cachacabocaina.com.br\/bocaina\/wp-content\/uploads\/2019\/07\/og-image.jpg","width":1200,"height":628,"caption":"Cacha\u00e7a Bocaina"},"image":{"@id":"https:\/\/www.cachacabocaina.com.br\/bocaina\/#\/schema\/logo\/image\/"},"sameAs":["https:\/\/www.facebook.com\/cachacabocainaoficial","http:\/\/instagram.com\/cachacabocainaoficial"]}]}},"_links":{"self":[{"href":"https:\/\/www.cachacabocaina.com.br\/bocaina\/wp-json\/wp\/v2\/pages\/16023"}],"collection":[{"href":"https:\/\/www.cachacabocaina.com.br\/bocaina\/wp-json\/wp\/v2\/pages"}],"about":[{"href":"https:\/\/www.cachacabocaina.com.br\/bocaina\/wp-json\/wp\/v2\/types\/page"}],"author":[{"embeddable":true,"href":"https:\/\/www.cachacabocaina.com.br\/bocaina\/wp-json\/wp\/v2\/users\/1"}],"replies":[{"embeddable":true,"href":"https:\/\/www.cachacabocaina.com.br\/bocaina\/wp-json\/wp\/v2\/comments?post=16023"}],"version-history":[{"count":10,"href":"https:\/\/www.cachacabocaina.com.br\/bocaina\/wp-json\/wp\/v2\/pages\/16023\/revisions"}],"predecessor-version":[{"id":16266,"href":"https:\/\/www.cachacabocaina.com.br\/bocaina\/wp-json\/wp\/v2\/pages\/16023\/revisions\/16266"}],"up":[{"embeddable":true,"href":"https:\/\/www.cachacabocaina.com.br\/bocaina\/wp-json\/wp\/v2\/pages\/15870"}],"wp:attachment":[{"href":"https:\/\/www.cachacabocaina.com.br\/bocaina\/wp-json\/wp\/v2\/media?parent=16023"}],"curies":[{"name":"wp","href":"https:\/\/api.w.org\/{rel}","templated":true}]}}