{"id":15507,"date":"2017-07-10T13:52:41","date_gmt":"2017-07-10T16:52:41","guid":{"rendered":"http:\/\/cachacabocaina.com.br\/bocaina\/?page_id=15507"},"modified":"2020-05-16T04:21:52","modified_gmt":"2020-05-16T07:21:52","slug":"localizacao","status":"publish","type":"page","link":"https:\/\/www.cachacabocaina.com.br\/bocaina\/localizacao\/","title":{"rendered":"Localiza\u00e7\u00e3o"},"content":{"rendered":"<p>[vc_row css_animation=&#8221;&#8221; row_type=&#8221;row&#8221; use_row_as_full_screen_section=&#8221;no&#8221; type=&#8221;grid&#8221; angled_section=&#8221;no&#8221; text_align=&#8221;left&#8221; background_image_as_pattern=&#8221;without_pattern&#8221; background_color=&#8221;#ffffff&#8221; padding_top=&#8221;87&#8243; padding_bottom=&#8221;95&#8243;][vc_column][vc_column_text]<\/p>\n<h2 style=\"text-align: center;\">Lavras MG<\/h2>\n<p>[\/vc_column_text][vc_separator type=&#8221;small&#8221; position=&#8221;center&#8221; up=&#8221;7&#8243; down=&#8221;38&#8243;][vc_column_text]A sede da <strong>Cacha\u00e7a Bocaina<\/strong> est\u00e1 situada em Lavras, Sul de Minas Gerais, no ponto de conflu\u00eancia entre o sul e o oeste de Minas. Al\u00e9m de oferecer condi\u00e7\u00f5es clim\u00e1ticas excelentes para o cultivo da cana-de-a\u00e7\u00facar, a cidade disp\u00f5e de recursos indispens\u00e1veis a um moderno centro urbano. \u00c9 dotada de bons hot\u00e9is, rede hospitalar, com\u00e9rcio, shopping, diversos clubes sociais e esportivos, etc. No grande mapa, Lavras localiza-se a 230 km de Belo Horizonte, 370 km de S\u00e3o Paulo e 420 km do Rio de Janeiro, pr\u00f3xima ao circuito das \u00e1guas e de algumas das cidades hist\u00f3ricas de Minas Gerais como Tiradentes e S\u00e3o Jo\u00e3o Del Rey. Para quem vem da Fern\u00e3o dias, logo ap\u00f3s a entrada da cidade, na rodovia BR 265, est\u00e1 situada a Cacha\u00e7a Bocaina, entre os trevos do Terminal Rodovi\u00e1rio e o Distrito Industrial. Existem diversas placas ao longo do percurso, mas, se desejar, configure o mapa abaixo no seu GPS.[\/vc_column_text][vc_separator type=&#8221;transparent&#8221; up=&#8221;10&#8243; down=&#8221;10&#8243;][\/vc_column][\/vc_row][vc_row css_animation=&#8221;&#8221; row_type=&#8221;row&#8221; use_row_as_full_screen_section=&#8221;no&#8221; type=&#8221;full_width&#8221; angled_section=&#8221;no&#8221; text_align=&#8221;left&#8221; background_image_as_pattern=&#8221;without_pattern&#8221;][vc_column][vc_gmaps link=&#8221;#E-8_JTNDaWZyYW1lJTIwc3JjJTNEJTIyaHR0cHMlM0ElMkYlMkZ3d3cuZ29vZ2xlLmNvbSUyRm1hcHMlMkZlbWJlZCUzRnBiJTNEJTIxMW0xNCUyMTFtOCUyMTFtMyUyMTFkMTQ4NzIuODg1NzA3MDAzOTQzJTIxMmQtNDQuOTg2MDA5NCUyMTNkLTIxLjI2MjcwMDk1MDAwMDAwMyUyMTNtMiUyMTFpMTAyNCUyMTJpNzY4JTIxNGYxMy4xJTIxM20zJTIxMW0yJTIxMXMweDAlMjUzQTB4NDQwNzcxZjk1N2UxODUzZiUyMTJzQ2FjaGElMjVDMyUyNUE3YSUyQkJvY2FpbmElMjE1ZTAlMjEzbTIlMjExc3B0LUJSJTIxMnNiciUyMTR2MTQ5OTUxOTMyOTE4NSUyMiUyMHdpZHRoJTNEJTIyNjAwJTIyJTIwaGVpZ2h0JTNEJTIyNDUwJTIyJTIwZnJhbWVib3JkZXIlM0QlMjIwJTIyJTIwc3R5bGUlM0QlMjJib3JkZXIlM0EwJTIyJTIwYWxsb3dmdWxsc2NyZWVuJTNFJTNDJTJGaWZyYW1lJTNF&#8221;][\/vc_column][\/vc_row]<\/p>\n","protected":false},"excerpt":{"rendered":"<p>[vc_row css_animation=&#8221;&#8221; row_type=&#8221;row&#8221; use_row_as_full_screen_section=&#8221;no&#8221; type=&#8221;grid&#8221; angled_section=&#8221;no&#8221; text_align=&#8221;left&#8221; background_image_as_pattern=&#8221;without_pattern&#8221; background_color=&#8221;#ffffff&#8221; padding_top=&#8221;87&#8243; padding_bottom=&#8221;95&#8243;][vc_column][vc_column_text] Lavras MG [\/vc_column_text][vc_separator type=&#8221;small&#8221; position=&#8221;center&#8221; up=&#8221;7&#8243; down=&#8221;38&#8243;][vc_column_text]A sede da Cacha\u00e7a Bocaina est\u00e1 situada em Lavras, Sul de Minas Gerais, no ponto de conflu\u00eancia entre o sul e o oeste de Minas. Al\u00e9m de oferecer&#8230;<\/p>\n","protected":false},"author":1,"featured_media":0,"parent":0,"menu_order":0,"comment_status":"open","ping_status":"open","template":"full_width.php","meta":[],"yoast_head":"<!-- This site is optimized with the Yoast SEO plugin v20.6 - https:\/\/yoast.com\/wordpress\/plugins\/seo\/ -->\n<title>Localiza\u00e7\u00e3o &mdash; Cacha\u00e7a Bocaina<\/title>\n<meta name=\"robots\" content=\"index, follow, max-snippet:-1, max-image-preview:large, max-video-preview:-1\" \/>\n<link rel=\"canonical\" href=\"https:\/\/www.cachacabocaina.com.br\/bocaina\/localizacao\/\" \/>\n<meta property=\"og:locale\" content=\"pt_BR\" \/>\n<meta property=\"og:type\" content=\"article\" \/>\n<meta property=\"og:title\" content=\"Localiza\u00e7\u00e3o &mdash; Cacha\u00e7a Bocaina\" \/>\n<meta property=\"og:description\" content=\"[vc_row css_animation=&#8221;&#8221; row_type=&#8221;row&#8221; use_row_as_full_screen_section=&#8221;no&#8221; type=&#8221;grid&#8221; angled_section=&#8221;no&#8221; text_align=&#8221;left&#8221; background_image_as_pattern=&#8221;without_pattern&#8221; background_color=&#8221;#ffffff&#8221; padding_top=&#8221;87&#8243; padding_bottom=&#8221;95&#8243;][vc_column][vc_column_text] Lavras MG [\/vc_column_text][vc_separator type=&#8221;small&#8221; position=&#8221;center&#8221; up=&#8221;7&#8243; down=&#8221;38&#8243;][vc_column_text]A sede da Cacha\u00e7a Bocaina est\u00e1 situada em Lavras, Sul de Minas Gerais, no ponto de conflu\u00eancia entre o sul e o oeste de Minas. Al\u00e9m de oferecer...\" \/>\n<meta property=\"og:url\" content=\"https:\/\/www.cachacabocaina.com.br\/bocaina\/localizacao\/\" \/>\n<meta property=\"og:site_name\" content=\"Cacha\u00e7a Bocaina\" \/>\n<meta property=\"article:publisher\" content=\"https:\/\/www.facebook.com\/cachacabocainaoficial\" \/>\n<meta property=\"article:modified_time\" content=\"2020-05-16T07:21:52+00:00\" \/>\n<meta name=\"twitter:card\" content=\"summary_large_image\" \/>\n<meta name=\"twitter:label1\" content=\"Est. tempo de leitura\" \/>\n\t<meta name=\"twitter:data1\" content=\"2 minutos\" \/>\n<script type=\"application\/ld+json\" class=\"yoast-schema-graph\">{\"@context\":\"https:\/\/schema.org\",\"@graph\":[{\"@type\":\"WebPage\",\"@id\":\"https:\/\/www.cachacabocaina.com.br\/bocaina\/localizacao\/\",\"url\":\"https:\/\/www.cachacabocaina.com.br\/bocaina\/localizacao\/\",\"name\":\"Localiza\u00e7\u00e3o &mdash; Cacha\u00e7a Bocaina\",\"isPartOf\":{\"@id\":\"https:\/\/www.cachacabocaina.com.br\/bocaina\/#website\"},\"datePublished\":\"2017-07-10T16:52:41+00:00\",\"dateModified\":\"2020-05-16T07:21:52+00:00\",\"breadcrumb\":{\"@id\":\"https:\/\/www.cachacabocaina.com.br\/bocaina\/localizacao\/#breadcrumb\"},\"inLanguage\":\"pt-BR\",\"potentialAction\":[{\"@type\":\"ReadAction\",\"target\":[\"https:\/\/www.cachacabocaina.com.br\/bocaina\/localizacao\/\"]}]},{\"@type\":\"BreadcrumbList\",\"@id\":\"https:\/\/www.cachacabocaina.com.br\/bocaina\/localizacao\/#breadcrumb\",\"itemListElement\":[{\"@type\":\"ListItem\",\"position\":1,\"name\":\"In\u00edcio\",\"item\":\"https:\/\/www.cachacabocaina.com.br\/bocaina\/\"},{\"@type\":\"ListItem\",\"position\":2,\"name\":\"Localiza\u00e7\u00e3o\"}]},{\"@type\":\"WebSite\",\"@id\":\"https:\/\/www.cachacabocaina.com.br\/bocaina\/#website\",\"url\":\"https:\/\/www.cachacabocaina.com.br\/bocaina\/\",\"name\":\"Cacha\u00e7a Bocaina\",\"description\":\"Cacha\u00e7a Artesanal do Sul de Minas\",\"publisher\":{\"@id\":\"https:\/\/www.cachacabocaina.com.br\/bocaina\/#organization\"},\"potentialAction\":[{\"@type\":\"SearchAction\",\"target\":{\"@type\":\"EntryPoint\",\"urlTemplate\":\"https:\/\/www.cachacabocaina.com.br\/bocaina\/?s={search_term_string}\"},\"query-input\":\"required name=search_term_string\"}],\"inLanguage\":\"pt-BR\"},{\"@type\":\"Organization\",\"@id\":\"https:\/\/www.cachacabocaina.com.br\/bocaina\/#organization\",\"name\":\"Cacha\u00e7a Bocaina\",\"url\":\"https:\/\/www.cachacabocaina.com.br\/bocaina\/\",\"logo\":{\"@type\":\"ImageObject\",\"inLanguage\":\"pt-BR\",\"@id\":\"https:\/\/www.cachacabocaina.com.br\/bocaina\/#\/schema\/logo\/image\/\",\"url\":\"https:\/\/www.cachacabocaina.com.br\/bocaina\/wp-content\/uploads\/2019\/07\/og-image.jpg\",\"contentUrl\":\"https:\/\/www.cachacabocaina.com.br\/bocaina\/wp-content\/uploads\/2019\/07\/og-image.jpg\",\"width\":1200,\"height\":628,\"caption\":\"Cacha\u00e7a Bocaina\"},\"image\":{\"@id\":\"https:\/\/www.cachacabocaina.com.br\/bocaina\/#\/schema\/logo\/image\/\"},\"sameAs\":[\"https:\/\/www.facebook.com\/cachacabocainaoficial\",\"http:\/\/instagram.com\/cachacabocainaoficial\"]}]}<\/script>\n<!-- \/ Yoast SEO plugin. -->","yoast_head_json":{"title":"Localiza\u00e7\u00e3o &mdash; Cacha\u00e7a Bocaina","robots":{"index":"index","follow":"follow","max-snippet":"max-snippet:-1","max-image-preview":"max-image-preview:large","max-video-preview":"max-video-preview:-1"},"canonical":"https:\/\/www.cachacabocaina.com.br\/bocaina\/localizacao\/","og_locale":"pt_BR","og_type":"article","og_title":"Localiza\u00e7\u00e3o &mdash; Cacha\u00e7a Bocaina","og_description":"[vc_row css_animation=&#8221;&#8221; row_type=&#8221;row&#8221; use_row_as_full_screen_section=&#8221;no&#8221; type=&#8221;grid&#8221; angled_section=&#8221;no&#8221; text_align=&#8221;left&#8221; background_image_as_pattern=&#8221;without_pattern&#8221; background_color=&#8221;#ffffff&#8221; padding_top=&#8221;87&#8243; padding_bottom=&#8221;95&#8243;][vc_column][vc_column_text] Lavras MG [\/vc_column_text][vc_separator type=&#8221;small&#8221; position=&#8221;center&#8221; up=&#8221;7&#8243; down=&#8221;38&#8243;][vc_column_text]A sede da Cacha\u00e7a Bocaina est\u00e1 situada em Lavras, Sul de Minas Gerais, no ponto de conflu\u00eancia entre o sul e o oeste de Minas. Al\u00e9m de oferecer...","og_url":"https:\/\/www.cachacabocaina.com.br\/bocaina\/localizacao\/","og_site_name":"Cacha\u00e7a Bocaina","article_publisher":"https:\/\/www.facebook.com\/cachacabocainaoficial","article_modified_time":"2020-05-16T07:21:52+00:00","twitter_card":"summary_large_image","twitter_misc":{"Est. tempo de leitura":"2 minutos"},"schema":{"@context":"https:\/\/schema.org","@graph":[{"@type":"WebPage","@id":"https:\/\/www.cachacabocaina.com.br\/bocaina\/localizacao\/","url":"https:\/\/www.cachacabocaina.com.br\/bocaina\/localizacao\/","name":"Localiza\u00e7\u00e3o &mdash; Cacha\u00e7a Bocaina","isPartOf":{"@id":"https:\/\/www.cachacabocaina.com.br\/bocaina\/#website"},"datePublished":"2017-07-10T16:52:41+00:00","dateModified":"2020-05-16T07:21:52+00:00","breadcrumb":{"@id":"https:\/\/www.cachacabocaina.com.br\/bocaina\/localizacao\/#breadcrumb"},"inLanguage":"pt-BR","potentialAction":[{"@type":"ReadAction","target":["https:\/\/www.cachacabocaina.com.br\/bocaina\/localizacao\/"]}]},{"@type":"BreadcrumbList","@id":"https:\/\/www.cachacabocaina.com.br\/bocaina\/localizacao\/#breadcrumb","itemListElement":[{"@type":"ListItem","position":1,"name":"In\u00edcio","item":"https:\/\/www.cachacabocaina.com.br\/bocaina\/"},{"@type":"ListItem","position":2,"name":"Localiza\u00e7\u00e3o"}]},{"@type":"WebSite","@id":"https:\/\/www.cachacabocaina.com.br\/bocaina\/#website","url":"https:\/\/www.cachacabocaina.com.br\/bocaina\/","name":"Cacha\u00e7a Bocaina","description":"Cacha\u00e7a Artesanal do Sul de Minas","publisher":{"@id":"https:\/\/www.cachacabocaina.com.br\/bocaina\/#organization"},"potentialAction":[{"@type":"SearchAction","target":{"@type":"EntryPoint","urlTemplate":"https:\/\/www.cachacabocaina.com.br\/bocaina\/?s={search_term_string}"},"query-input":"required name=search_term_string"}],"inLanguage":"pt-BR"},{"@type":"Organization","@id":"https:\/\/www.cachacabocaina.com.br\/bocaina\/#organization","name":"Cacha\u00e7a Bocaina","url":"https:\/\/www.cachacabocaina.com.br\/bocaina\/","logo":{"@type":"ImageObject","inLanguage":"pt-BR","@id":"https:\/\/www.cachacabocaina.com.br\/bocaina\/#\/schema\/logo\/image\/","url":"https:\/\/www.cachacabocaina.com.br\/bocaina\/wp-content\/uploads\/2019\/07\/og-image.jpg","contentUrl":"https:\/\/www.cachacabocaina.com.br\/bocaina\/wp-content\/uploads\/2019\/07\/og-image.jpg","width":1200,"height":628,"caption":"Cacha\u00e7a Bocaina"},"image":{"@id":"https:\/\/www.cachacabocaina.com.br\/bocaina\/#\/schema\/logo\/image\/"},"sameAs":["https:\/\/www.facebook.com\/cachacabocainaoficial","http:\/\/instagram.com\/cachacabocainaoficial"]}]}},"_links":{"self":[{"href":"https:\/\/www.cachacabocaina.com.br\/bocaina\/wp-json\/wp\/v2\/pages\/15507"}],"collection":[{"href":"https:\/\/www.cachacabocaina.com.br\/bocaina\/wp-json\/wp\/v2\/pages"}],"about":[{"href":"https:\/\/www.cachacabocaina.com.br\/bocaina\/wp-json\/wp\/v2\/types\/page"}],"author":[{"embeddable":true,"href":"https:\/\/www.cachacabocaina.com.br\/bocaina\/wp-json\/wp\/v2\/users\/1"}],"replies":[{"embeddable":true,"href":"https:\/\/www.cachacabocaina.com.br\/bocaina\/wp-json\/wp\/v2\/comments?post=15507"}],"version-history":[{"count":9,"href":"https:\/\/www.cachacabocaina.com.br\/bocaina\/wp-json\/wp\/v2\/pages\/15507\/revisions"}],"predecessor-version":[{"id":15599,"href":"https:\/\/www.cachacabocaina.com.br\/bocaina\/wp-json\/wp\/v2\/pages\/15507\/revisions\/15599"}],"wp:attachment":[{"href":"https:\/\/www.cachacabocaina.com.br\/bocaina\/wp-json\/wp\/v2\/media?parent=15507"}],"curies":[{"name":"wp","href":"https:\/\/api.w.org\/{rel}","templated":true}]}}

Localização

<p>[vc_row css_animation=&#8221;&#8221; row_type=&#8221;row&#8221; use_row_as_full_screen_section=&#8221;no&#8221; type=&#8221;grid&#8221; angled_section=&#8221;no&#8221; text_align=&#8221;left&#8221; background_image_as_pattern=&#8221;without_pattern&#8221; background_color=&#8221;#ffffff&#8221; padding_top=&#8221;87&#8243; padding_bottom=&#8221;95&#8243;][vc_column][vc_column_text]</p>
<h2 style="text-align: center;">Lavras MG</h2>
<p>[/vc_column_text][vc_separator type=&#8221;small&#8221; position=&#8221;center&#8221; up=&#8221;7&#8243; down=&#8221;38&#8243;][vc_column_text]A sede da <strong>Cachaça Bocaina</strong> está situada em Lavras, Sul de Minas Gerais, no ponto de confluência entre o sul e o oeste de Minas. Além de oferecer condições climáticas excelentes para o cultivo da cana-de-açúcar, a cidade dispõe de recursos indispensáveis a um moderno centro urbano. É dotada de bons hotéis, rede hospitalar, comércio, shopping, diversos clubes sociais e esportivos, etc. No grande mapa, Lavras localiza-se a 230 km de Belo Horizonte, 370 km de São Paulo e 420 km do Rio de Janeiro, próxima ao circuito das águas e de algumas das cidades históricas de Minas Gerais como Tiradentes e São João Del Rey. Para quem vem da Fernão dias, logo após a entrada da cidade, na rodovia BR 265, está situada a Cachaça Bocaina, entre os trevos do Terminal Rodoviário e o Distrito Industrial. Existem diversas placas ao longo do percurso, mas, se desejar, configure o mapa abaixo no seu GPS.[/vc_column_text][vc_separator type=&#8221;transparent&#8221; up=&#8221;10&#8243; down=&#8221;10&#8243;][/vc_column][/vc_row][vc_row css_animation=&#8221;&#8221; row_type=&#8221;row&#8221; use_row_as_full_screen_section=&#8221;no&#8221; type=&#8221;full_width&#8221; angled_section=&#8221;no&#8221; text_align=&#8221;left&#8221; background_image_as_pattern=&#8221;without_pattern&#8221;][vc_column][vc_gmaps link=&#8221;#E-8_JTNDaWZyYW1lJTIwc3JjJTNEJTIyaHR0cHMlM0ElMkYlMkZ3d3cuZ29vZ2xlLmNvbSUyRm1hcHMlMkZlbWJlZCUzRnBiJTNEJTIxMW0xNCUyMTFtOCUyMTFtMyUyMTFkMTQ4NzIuODg1NzA3MDAzOTQzJTIxMmQtNDQuOTg2MDA5NCUyMTNkLTIxLjI2MjcwMDk1MDAwMDAwMyUyMTNtMiUyMTFpMTAyNCUyMTJpNzY4JTIxNGYxMy4xJTIxM20zJTIxMW0yJTIxMXMweDAlMjUzQTB4NDQwNzcxZjk1N2UxODUzZiUyMTJzQ2FjaGElMjVDMyUyNUE3YSUyQkJvY2FpbmElMjE1ZTAlMjEzbTIlMjExc3B0LUJSJTIxMnNiciUyMTR2MTQ5OTUxOTMyOTE4NSUyMiUyMHdpZHRoJTNEJTIyNjAwJTIyJTIwaGVpZ2h0JTNEJTIyNDUwJTIyJTIwZnJhbWVib3JkZXIlM0QlMjIwJTIyJTIwc3R5bGUlM0QlMjJib3JkZXIlM0EwJTIyJTIwYWxsb3dmdWxsc2NyZWVuJTNFJTNDJTJGaWZyYW1lJTNF&#8221;][/vc_column][/vc_row]</p>

<p>[vc_row css_animation=&#8221;&#8221; row_type=&#8221;row&#8221; use_row_as_full_screen_section=&#8221;no&#8221; type=&#8221;grid&#8221; angled_section=&#8221;no&#8221; text_align=&#8221;left&#8221; background_image_as_pattern=&#8221;without_pattern&#8221; background_color=&#8221;#ffffff&#8221; padding_top=&#8221;87&#8243; padding_bottom=&#8221;95&#8243;][vc_column][vc_column_text] Lavras MG [/vc_column_text][vc_separator type=&#8221;small&#8221; position=&#8221;center&#8221; up=&#8221;7&#8243; down=&#8221;38&#8243;][vc_column_text]A sede da Cachaça Bocaina está situada em Lavras, Sul de Minas Gerais, no ponto de confluência entre o sul e o oeste de Minas. Além de oferecer&#8230;</p>

<!-- This site is optimized with the Yoast SEO plugin v20.6 - https://yoast.com/wordpress/plugins/seo/ -->
<title>Localização &mdash; Cachaça Bocaina</title>
<meta name="robots" content="index, follow, max-snippet:-1, max-image-preview:large, max-video-preview:-1" />
<link rel="canonical" href="https://www.cachacabocaina.com.br/bocaina/localizacao/" />
<meta property="og:locale" content="pt_BR" />
<meta property="og:type" content="article" />
<meta property="og:title" content="Localização &mdash; Cachaça Bocaina" />
<meta property="og:description" content="[vc_row css_animation=&#8221;&#8221; row_type=&#8221;row&#8221; use_row_as_full_screen_section=&#8221;no&#8221; type=&#8221;grid&#8221; angled_section=&#8221;no&#8221; text_align=&#8221;left&#8221; background_image_as_pattern=&#8221;without_pattern&#8221; background_color=&#8221;#ffffff&#8221; padding_top=&#8221;87&#8243; padding_bottom=&#8221;95&#8243;][vc_column][vc_column_text] Lavras MG [/vc_column_text][vc_separator type=&#8221;small&#8221; position=&#8221;center&#8221; up=&#8221;7&#8243; down=&#8221;38&#8243;][vc_column_text]A sede da Cachaça Bocaina está situada em Lavras, Sul de Minas Gerais, no ponto de confluência entre o sul e o oeste de Minas. Além de oferecer..." />
<meta property="og:url" content="https://www.cachacabocaina.com.br/bocaina/localizacao/" />
<meta property="og:site_name" content="Cachaça Bocaina" />
<meta property="article:publisher" content="https://www.facebook.com/cachacabocainaoficial" />
<meta property="article:modified_time" content="2020-05-16T07:21:52+00:00" />
<meta name="twitter:card" content="summary_large_image" />
<meta name="twitter:label1" content="Est. tempo de leitura" />
	<meta name="twitter:data1" content="2 minutos" />
<script type="application/ld+json" class="yoast-schema-graph">{"@context":"https://schema.org","@graph":[{"@type":"WebPage","@id":"https://www.cachacabocaina.com.br/bocaina/localizacao/","url":"https://www.cachacabocaina.com.br/bocaina/localizacao/","name":"Localização &mdash; Cachaça Bocaina","isPartOf":{"@id":"https://www.cachacabocaina.com.br/bocaina/#website"},"datePublished":"2017-07-10T16:52:41+00:00","dateModified":"2020-05-16T07:21:52+00:00","breadcrumb":{"@id":"https://www.cachacabocaina.com.br/bocaina/localizacao/#breadcrumb"},"inLanguage":"pt-BR","potentialAction":[{"@type":"ReadAction","target":["https://www.cachacabocaina.com.br/bocaina/localizacao/"]}]},{"@type":"BreadcrumbList","@id":"https://www.cachacabocaina.com.br/bocaina/localizacao/#breadcrumb","itemListElement":[{"@type":"ListItem","position":1,"name":"Início","item":"https://www.cachacabocaina.com.br/bocaina/"},{"@type":"ListItem","position":2,"name":"Localização"}]},{"@type":"WebSite","@id":"https://www.cachacabocaina.com.br/bocaina/#website","url":"https://www.cachacabocaina.com.br/bocaina/","name":"Cachaça Bocaina","description":"Cachaça Artesanal do Sul de Minas","publisher":{"@id":"https://www.cachacabocaina.com.br/bocaina/#organization"},"potentialAction":[{"@type":"SearchAction","target":{"@type":"EntryPoint","urlTemplate":"https://www.cachacabocaina.com.br/bocaina/?s={search_term_string}"},"query-input":"required name=search_term_string"}],"inLanguage":"pt-BR"},{"@type":"Organization","@id":"https://www.cachacabocaina.com.br/bocaina/#organization","name":"Cachaça Bocaina","url":"https://www.cachacabocaina.com.br/bocaina/","logo":{"@type":"ImageObject","inLanguage":"pt-BR","@id":"https://www.cachacabocaina.com.br/bocaina/#/schema/logo/image/","url":"https://www.cachacabocaina.com.br/bocaina/wp-content/uploads/2019/07/og-image.jpg","contentUrl":"https://www.cachacabocaina.com.br/bocaina/wp-content/uploads/2019/07/og-image.jpg","width":1200,"height":628,"caption":"Cachaça Bocaina"},"image":{"@id":"https://www.cachacabocaina.com.br/bocaina/#/schema/logo/image/"},"sameAs":["https://www.facebook.com/cachacabocainaoficial","http://instagram.com/cachacabocainaoficial"]}]}</script>
<!-- / Yoast SEO plugin. -->

Localização &mdash; Cachaça Bocaina

[vc_row css_animation=&#8221;&#8221; row_type=&#8221;row&#8221; use_row_as_full_screen_section=&#8221;no&#8221; type=&#8221;grid&#8221; angled_section=&#8221;no&#8221; text_align=&#8221;left&#8221; background_image_as_pattern=&#8221;without_pattern&#8221; background_color=&#8221;#ffffff&#8221; padding_top=&#8221;87&#8243; padding_bottom=&#8221;95&#8243;][vc_column][vc_column_text] Lavras MG [/vc_column_text][vc_separator type=&#8221;small&#8221; position=&#8221;center&#8221; up=&#8221;7&#8243; down=&#8221;38&#8243;][vc_column_text]A sede da Cachaça Bocaina está situada em Lavras, Sul de Minas Gerais, no ponto de confluência entre o sul e o oeste de Minas. Além de oferecer...

Cachaça Bocaina

Início

Cachaça Artesanal do Sul de Minas
